{"id":1544,"date":"2025-11-13T20:05:59","date_gmt":"2025-11-13T20:05:59","guid":{"rendered":"https:\/\/soloweb.com.br\/demos\/automoveis\/?post_type=product&#038;p=1544"},"modified":"2025-11-13T20:06:31","modified_gmt":"2025-11-13T20:06:31","slug":"toyota-hilux-cd-srv-4x4-2-8-tdi-diesel-aut-2016","status":"publish","type":"product","link":"https:\/\/soloweb.com.br\/demos\/automoveis\/produto\/toyota-hilux-cd-srv-4x4-2-8-tdi-diesel-aut-2016\/","title":{"rendered":"Toyota Hilux CD SRV 4X4 2.8 TDI Diesel Aut. 2016"},"content":{"rendered":"<p>Hilux SRV16\/16 vermelho met\u00e1lico, rodas aro 18 da SRX. A mais nova da regi\u00e3o, pneus meia vida, interior impec\u00e1vel, funcionando tudo recentemente trocado \u00f3leo e todos os filtros, disco de freio e pastilhas, correias e polias. Carro pronto de particular.<\/p>\n<p>&nbsp;<\/p>\n<p><span class=\"olx-text olx-text--title-small olx-text--block\" data-ds-component=\"DS-Text\">Opcionais deste ve\u00edculo<\/span><\/p>\n<div class=\"ad__sc-1rllau8-1 drVbTx\">\n<div class=\"ad__sc-1rllau8-2 hzFyyN\"><span class=\"olx-text olx-text--body-medium olx-text--block olx-text--regular\" data-ds-component=\"DS-Text\">Air bag<\/span><\/div>\n<div class=\"ad__sc-1rllau8-2 hzFyyN\"><span class=\"olx-text olx-text--body-medium olx-text--block olx-text--regular\" data-ds-component=\"DS-Text\">Ar condicionado<\/span><\/div>\n<div class=\"ad__sc-1rllau8-2 hzFyyN\"><span class=\"olx-text olx-text--body-medium olx-text--block olx-text--regular\" data-ds-component=\"DS-Text\">Alarme<\/span><\/div>\n<div class=\"ad__sc-1rllau8-2 hzFyyN\"><span class=\"olx-text olx-text--body-medium olx-text--block olx-text--regular\" data-ds-component=\"DS-Text\">Bancos de couro<\/span><\/div>\n<div class=\"ad__sc-1rllau8-2 hzFyyN\"><span class=\"olx-text olx-text--body-medium olx-text--block olx-text--regular\" data-ds-component=\"DS-Text\">C\u00e2mera de r\u00e9<\/span><\/div>\n<div class=\"ad__sc-1rllau8-2 hzFyyN\"><span class=\"olx-text olx-text--body-medium olx-text--block olx-text--regular\" data-ds-component=\"DS-Text\">Computador de bordo<\/span><\/div>\n<div class=\"ad__sc-1rllau8-2 hzFyyN\"><span class=\"olx-text olx-text--body-medium olx-text--block olx-text--regular\" data-ds-component=\"DS-Text\">Conex\u00e3o USB<\/span><\/div>\n<div class=\"ad__sc-1rllau8-2 hzFyyN\"><span class=\"olx-text olx-text--body-medium olx-text--block olx-text--regular\" data-ds-component=\"DS-Text\">Controle autom\u00e1tico de velocidade<\/span><\/div>\n<div class=\"ad__sc-1rllau8-2 hzFyyN\"><span class=\"olx-text olx-text--body-medium olx-text--block olx-text--regular\" data-ds-component=\"DS-Text\">Interface bluetooth<\/span><\/div>\n<div class=\"ad__sc-1rllau8-2 hzFyyN\"><span class=\"olx-text olx-text--body-medium olx-text--block olx-text--regular\" data-ds-component=\"DS-Text\">Navegador GPS<\/span><\/div>\n<div class=\"ad__sc-1rllau8-2 hzFyyN\"><span class=\"olx-text olx-text--body-medium olx-text--block olx-text--regular\" data-ds-component=\"DS-Text\">Rodas de liga leve<\/span><\/div>\n<div class=\"ad__sc-1rllau8-2 hzFyyN\"><span class=\"olx-text olx-text--body-medium olx-text--block olx-text--regular\" data-ds-component=\"DS-Text\">Tra\u00e7\u00e3o 4&#215;4<\/span><\/div>\n<div class=\"ad__sc-1rllau8-2 hzFyyN\"><span class=\"olx-text olx-text--body-medium olx-text--block olx-text--regular\" data-ds-component=\"DS-Text\">Trava el\u00e9trica<\/span><\/div>\n<div class=\"ad__sc-1rllau8-2 hzFyyN\"><span class=\"olx-text olx-text--body-medium olx-text--block olx-text--regular\" data-ds-component=\"DS-Text\">Vidro el\u00e9trico<\/span><\/div>\n<div class=\"ad__sc-1rllau8-2 hzFyyN\"><span class=\"olx-text olx-text--body-medium olx-text--block olx-text--regular\" data-ds-component=\"DS-Text\">Volante multifuncional<\/span><\/div>\n<\/div>\n","protected":false},"excerpt":{"rendered":"<div class=\"ad__sc-2h9gkk-0 dLQbjb olx-container olx-container--outlined olx-d-flex\" data-ds-component=\"DS-Container\">\n<div class=\"ad__sc-2h9gkk-1 jhmjmi\"><span class=\"olx-text olx-text--overline olx-text--block olx-mb-0-5 olx-color-neutral-120\" data-ds-component=\"DS-Text\" data-variant=\"overline\">MARCA: <\/span>Toyota<\/div>\n<\/div>\n<div class=\"ad__sc-2h9gkk-0 dLQbjb olx-container olx-container--outlined olx-d-flex\" data-ds-component=\"DS-Container\">\n<div class=\"ad__sc-2h9gkk-2 kRjGLe\"><\/div>\n<div class=\"ad__sc-2h9gkk-1 jhmjmi\">\n<p><span class=\"olx-text olx-text--overline olx-text--block olx-mb-0-5 olx-color-neutral-120\" data-ds-component=\"DS-Text\" data-variant=\"overline\">TIPO DE VE\u00cdCULO: <\/span><span class=\"ad__sc-hj0yqs-0 ekhFnR\">Pick-up<\/span><\/p>\n<div class=\"erd_scroll_detection_container erd_scroll_detection_container_animation_active\">\n<div class=\"erd_scroll_detection_container\" dir=\"ltr\">\n<div class=\"erd_scroll_detection_container\">\n<div>\n<div><\/div>\n<\/div>\n<div>\n<div><\/div>\n<\/div>\n<\/div>\n<\/div>\n<\/div>\n<\/div>\n<\/div>\n<div class=\"ad__sc-2h9gkk-0 dLQbjb olx-container olx-container--outlined olx-d-flex\" data-ds-component=\"DS-Container\">\n<div class=\"ad__sc-2h9gkk-2 kRjGLe\"><\/div>\n<div class=\"ad__sc-2h9gkk-1 jhmjmi\"><span class=\"olx-text olx-text--overline olx-text--block olx-mb-0-5 olx-color-neutral-120\" data-ds-component=\"DS-Text\" data-variant=\"overline\">ANO<\/span>: 2016<\/div>\n<\/div>\n<div class=\"ad__sc-2h9gkk-0 dLQbjb olx-container olx-container--outlined olx-d-flex\" data-ds-component=\"DS-Container\">\n<div class=\"ad__sc-2h9gkk-2 kRjGLe\"><\/div>\n<div class=\"ad__sc-2h9gkk-1 jhmjmi\">\n<p><span class=\"olx-text olx-text--overline olx-text--block olx-mb-0-5 olx-color-neutral-120\" data-ds-component=\"DS-Text\" data-variant=\"overline\">QUILOMETRAGEM: <\/span><span class=\"ad__sc-hj0yqs-0 ekhFnR\">150000<\/span><\/p>\n<div class=\"erd_scroll_detection_container erd_scroll_detection_container_animation_active\">\n<div class=\"erd_scroll_detection_container\" dir=\"ltr\">\n<div class=\"erd_scroll_detection_container\">\n<div>\n<div><\/div>\n<\/div>\n<div>\n<div><\/div>\n<\/div>\n<\/div>\n<\/div>\n<\/div>\n<\/div>\n<\/div>\n<div class=\"ad__sc-2h9gkk-0 dLQbjb olx-container olx-container--outlined olx-d-flex\" data-ds-component=\"DS-Container\">\n<div class=\"ad__sc-2h9gkk-2 kRjGLe\"><\/div>\n<div class=\"ad__sc-2h9gkk-1 jhmjmi\">\n<p><span class=\"olx-text olx-text--overline olx-text--block olx-mb-0-5 olx-color-neutral-120\" data-ds-component=\"DS-Text\" data-variant=\"overline\">POT\u00caNCIA DO MOTOR: <\/span><span class=\"ad__sc-hj0yqs-0 ekhFnR\">2.0 &#8211; 2.9<\/span><\/p>\n<div class=\"erd_scroll_detection_container erd_scroll_detection_container_animation_active\">\n<div class=\"erd_scroll_detection_container\" dir=\"ltr\">\n<div class=\"erd_scroll_detection_container\">\n<div>\n<div><\/div>\n<\/div>\n<div>\n<div><\/div>\n<\/div>\n<\/div>\n<\/div>\n<\/div>\n<\/div>\n<\/div>\n<div class=\"ad__sc-2h9gkk-0 dLQbjb olx-container olx-container--outlined olx-d-flex\" data-ds-component=\"DS-Container\">\n<div class=\"ad__sc-2h9gkk-2 kRjGLe\"><\/div>\n<div class=\"ad__sc-2h9gkk-1 jhmjmi\"><span class=\"olx-text olx-text--overline olx-text--block olx-mb-0-5 olx-color-neutral-120\" data-ds-component=\"DS-Text\" data-variant=\"overline\">COMBUST\u00cdVEL: <\/span>Diesel<\/div>\n<\/div>\n<div class=\"ad__sc-2h9gkk-0 dLQbjb olx-container olx-container--outlined olx-d-flex\" data-ds-component=\"DS-Container\">\n<div class=\"ad__sc-2h9gkk-2 kRjGLe\"><\/div>\n<div class=\"ad__sc-2h9gkk-1 jhmjmi\">\n<p><span class=\"olx-text olx-text--overline olx-text--block olx-mb-0-5 olx-color-neutral-120\" data-ds-component=\"DS-Text\" data-variant=\"overline\">C\u00c2MBIO: <\/span><span class=\"ad__sc-hj0yqs-0 ekhFnR\">Autom\u00e1tico<\/span><\/p>\n<div class=\"erd_scroll_detection_container erd_scroll_detection_container_animation_active\">\n<div class=\"erd_scroll_detection_container\" dir=\"ltr\">\n<div class=\"erd_scroll_detection_container\">\n<div>\n<div><\/div>\n<\/div>\n<div>\n<div><\/div>\n<\/div>\n<\/div>\n<\/div>\n<\/div>\n<\/div>\n<\/div>\n<div class=\"ad__sc-2h9gkk-0 dLQbjb olx-container olx-container--outlined olx-d-flex\" data-ds-component=\"DS-Container\">\n<div class=\"ad__sc-2h9gkk-2 kRjGLe\"><\/div>\n<div class=\"ad__sc-2h9gkk-1 jhmjmi\">\n<p><span class=\"olx-text olx-text--overline olx-text--block olx-mb-0-5 olx-color-neutral-120\" data-ds-component=\"DS-Text\" data-variant=\"overline\">DIRE\u00c7\u00c3O: <\/span><span class=\"ad__sc-hj0yqs-0 ekhFnR\">Hidr\u00e1ulica<\/span><\/p>\n<div class=\"erd_scroll_detection_container erd_scroll_detection_container_animation_active\">\n<div class=\"erd_scroll_detection_container\" dir=\"ltr\">\n<div class=\"erd_scroll_detection_container\">\n<div>\n<div><\/div>\n<\/div>\n<div>\n<div><\/div>\n<\/div>\n<\/div>\n<\/div>\n<\/div>\n<\/div>\n<\/div>\n<div class=\"ad__sc-2h9gkk-0 dLQbjb olx-container olx-container--outlined olx-d-flex\" data-ds-component=\"DS-Container\">\n<div class=\"ad__sc-2h9gkk-2 kRjGLe\"><\/div>\n<div class=\"ad__sc-2h9gkk-1 jhmjmi\">\n<p><span class=\"olx-text olx-text--overline olx-text--block olx-mb-0-5 olx-color-neutral-120\" data-ds-component=\"DS-Text\" data-variant=\"overline\">COR: <\/span><span class=\"ad__sc-hj0yqs-0 ekhFnR\">Vermelho<\/span><\/p>\n<div class=\"erd_scroll_detection_container erd_scroll_detection_container_animation_active\">\n<div class=\"erd_scroll_detection_container\" dir=\"ltr\">\n<div class=\"erd_scroll_detection_container\">\n<div>\n<div><\/div>\n<\/div>\n<div>\n<div><\/div>\n<\/div>\n<\/div>\n<\/div>\n<\/div>\n<\/div>\n<\/div>\n<div class=\"ad__sc-2h9gkk-0 dLQbjb olx-container olx-container--outlined olx-d-flex\" data-ds-component=\"DS-Container\">\n<div class=\"ad__sc-2h9gkk-2 kRjGLe\"><\/div>\n<div class=\"ad__sc-2h9gkk-1 jhmjmi\"><span class=\"olx-text olx-text--overline olx-text--block olx-mb-0-5 olx-color-neutral-120\" data-ds-component=\"DS-Text\" data-variant=\"overline\">PORTAS: <\/span><span class=\"ad__sc-hj0yqs-0 ekhFnR\">4 Portas<\/span><\/div>\n<\/div>\n","protected":false},"featured_media":1545,"comment_status":"closed","ping_status":"closed","template":"","meta":{"_acf_changed":false},"product_brand":[],"product_cat":[149],"product_tag":[],"class_list":{"0":"post-1544","1":"product","2":"type-product","3":"status-publish","4":"has-post-thumbnail","6":"product_cat-caminhonete","8":"first","9":"instock","10":"shipping-taxable","11":"product-type-external"},"acf":[],"_links":{"self":[{"href":"https:\/\/soloweb.com.br\/demos\/automoveis\/wp-json\/wp\/v2\/product\/1544","targetHints":{"allow":["GET"]}}],"collection":[{"href":"https:\/\/soloweb.com.br\/demos\/automoveis\/wp-json\/wp\/v2\/product"}],"about":[{"href":"https:\/\/soloweb.com.br\/demos\/automoveis\/wp-json\/wp\/v2\/types\/product"}],"replies":[{"embeddable":true,"href":"https:\/\/soloweb.com.br\/demos\/automoveis\/wp-json\/wp\/v2\/comments?post=1544"}],"wp:featuredmedia":[{"embeddable":true,"href":"https:\/\/soloweb.com.br\/demos\/automoveis\/wp-json\/wp\/v2\/media\/1545"}],"wp:attachment":[{"href":"https:\/\/soloweb.com.br\/demos\/automoveis\/wp-json\/wp\/v2\/media?parent=1544"}],"wp:term":[{"taxonomy":"product_brand","embeddable":true,"href":"https:\/\/soloweb.com.br\/demos\/automoveis\/wp-json\/wp\/v2\/product_brand?post=1544"},{"taxonomy":"product_cat","embeddable":true,"href":"https:\/\/soloweb.com.br\/demos\/automoveis\/wp-json\/wp\/v2\/product_cat?post=1544"},{"taxonomy":"product_tag","embeddable":true,"href":"https:\/\/soloweb.com.br\/demos\/automoveis\/wp-json\/wp\/v2\/product_tag?post=1544"}],"curies":[{"name":"wp","href":"https:\/\/api.w.org\/{rel}","templated":true}]}}